{"id":745,"date":"2021-12-06T09:45:22","date_gmt":"2021-12-06T08:45:22","guid":{"rendered":"https:\/\/slowdentist.it\/farmacia\/?page_id=745"},"modified":"2024-10-22T15:04:42","modified_gmt":"2024-10-22T14:04:42","slug":"kamagra-effervescent","status":"publish","type":"page","link":"https:\/\/slowdentist.it\/farmacia\/kamagra-effervescent\/","title":{"rendered":"Kamagra Effervescent"},"content":{"rendered":"<div class=\"product-info\">\n<div class=\"row\">\n<div class=\"col-sm-4\"><img decoding=\"async\" src=\"\/farmacia\/wp-content\/uploads\/wm\/kamagra-fizzy-tabs.webp\" alt=\"Kamagra Effervescent foto\"><\/div>\n<div class=\"col-sm-8\">\n<h1 class=\"product-h1\">Kamagra Effervescent senza ricetta in Italia<\/h1>\n<div class=\"product-description\">\n<p>Kamagra ha diverse forme e ogni forma ha un proprio meccanismo d&#8217;azione sul corpo. Kamagra Effervescent ha un effetto delicato che arriva subito dopo l&#8217;inizio della presa di situazione. Kamagra Shipuchka \u00e8 in grado di fornire un&#8217;erezione elastica per tutta la durata del rapporto sessuale e riduce anche gli intervalli tra i rapporti sessuali. Siamo sempre lieti di offrirvi preparativi con qualit\u00e0 eccellente e prezzi favorevoli. Tutto quello che dovete fare \u00e8 consultare il vostro medico e lasciare una richiesta nella nostra farmacia online.<\/p>\n<\/div>\n<div>\n<div class=\"row\">\n<div class=\"col-sm-6\">\n<div class=\"col-margin\">\n<ul class=\"ul-feature-list\">\n \t<li class=\"feature-list\">Insorgenza rapida dell'azione<\/li>\n \t<li class=\"feature-list\">Effetto di lunga durata<\/li>\n<\/ul>\n<\/div>\n<br>\n<div class=\"col-margin\"><img src=\"\/farmacia\/wp-content\/uploads\/img-footer-logo-04.png\" alt=\"\"><\/div>\n<\/div>\n<div class=\"col-sm-6\">\n<div class=\"col-margin\">\n<ul class=\"ul-feature-list\">\n \t<li class=\"feature-list\">Transazione Sicura<\/li>\n \t<li class=\"feature-list\">Visita i link dei certificati nella pagina di Checkout<\/li>\n<\/ul>\n<\/div>\n<div class=\"col-margin\"><img class=\"img-payment\" src=\"\/farmacia\/wp-content\/uploads\/payment-methods.png\" alt=\"Payment Methods\"><\/div>\n<\/div>\n<\/div>\n<\/div>\n<\/div>\n<\/div>\n<\/div>\n\n\n<div class=\"tab\" data-sort = \"asc\"><button class=\"tablinks tablinks_default active\" data-target = \"tab-100\">100mg<\/button><\/div><div id =\"tab-100\" class = \"tabcontent active\" >\n            <div class=\"table-container\">\n                <div id=\"shop-prod-table\">\n                <table class=\"table\">\n                <caption><h2> Kamagra Effervescente  100mg<\/h2><\/caption>\n                <thead>\n                       <tr class=\"table-header_default\">\n                                <th scope =\"col\">Pacco<\/th>\n                                <th scope =\"col\">Prezzo<\/th>\n                                <th scope =\"col\">Per Pillola<\/th>\n                                <th scope =\"col\">Risparmio<\/th>\n                                <th scope =\"col\">Bonus<\/th>\n                                <th scope =\"col\"><\/th>\n                        <\/tr>\n                <\/thead><tbody><tr>\n             <td data-title=\"Pacco\">100mg x 14 pillole<\/td>\n             <td data-title=\"Prezzo\"> <div itemprop=\"offers\" itemscope=\"itemscope\" itemtype=\"https:\/\/schema.org\/Offer\">\n            \n            <meta itemprop=\"url\" content =\"https:\/\/slowdentist.it\/farmacia\/kamagra-effervescent\/\">\n            <link itemprop =\"availability\" href=\"https:\/\/schema.org\/InStock\">\n            <span itemprop=\"priceCurrency\" content=\"EUR\">\u20ac<\/span> <span itemprop=\"price\" content=\"49.15\">49.15<\/span><\/div><\/td>\n             <td data-title=\"Per Pillola\">\u20ac 3.51<\/td>\n             <td class=\"field-economy_default\" data-title=\"Risparmio\">\u20ac 0<\/td>\n             <td data-title=\"Bonus\">-<\/td>\n             <td data-title=\"\">\n                <a href=\"?add-to-cart=2836\" class =\"buy-btn_default buy-btn ajax_add_to_cart add_to_cart_button\" rel=\"nofollow\" data-product_id = \"2836\">Compra<\/a>\n             <\/td>\n            <\/tr><tr>\n             <td data-title=\"Pacco\">100mg x 28 pillole<\/td>\n             <td data-title=\"Prezzo\"> <div itemprop=\"offers\" itemscope=\"itemscope\" itemtype=\"https:\/\/schema.org\/Offer\">\n            <span class=\"crossed_out_price\">\u20ac 98.26 \/<\/span>\n            <meta itemprop=\"url\" content =\"https:\/\/slowdentist.it\/farmacia\/kamagra-effervescent\/\">\n            <link itemprop =\"availability\" href=\"https:\/\/schema.org\/InStock\">\n            <span itemprop=\"priceCurrency\" content=\"EUR\">\u20ac<\/span> <span itemprop=\"price\" content=\"86.5\">86.5<\/span><\/div><\/td>\n             <td data-title=\"Per Pillola\">\u20ac 3.09<\/td>\n             <td class=\"field-economy_default\" data-title=\"Risparmio\">\u20ac 11.76<\/td>\n             <td data-title=\"Bonus\">-<\/td>\n             <td data-title=\"\">\n                <a href=\"?add-to-cart=2837\" class =\"buy-btn_default buy-btn ajax_add_to_cart add_to_cart_button\" rel=\"nofollow\" data-product_id = \"2837\">Compra<\/a>\n             <\/td>\n            <\/tr><tr>\n             <td data-title=\"Pacco\">100mg x 42 pillole<\/td>\n             <td data-title=\"Prezzo\"> <div itemprop=\"offers\" itemscope=\"itemscope\" itemtype=\"https:\/\/schema.org\/Offer\">\n            <span class=\"crossed_out_price\">\u20ac 147.35 \/<\/span>\n            <meta itemprop=\"url\" content =\"https:\/\/slowdentist.it\/farmacia\/kamagra-effervescent\/\">\n            <link itemprop =\"availability\" href=\"https:\/\/schema.org\/InStock\">\n            <span itemprop=\"priceCurrency\" content=\"EUR\">\u20ac<\/span> <span itemprop=\"price\" content=\"117.11\">117.11<\/span><\/div><\/td>\n             <td data-title=\"Per Pillola\">\u20ac 2.79<\/td>\n             <td class=\"field-economy_default\" data-title=\"Risparmio\">\u20ac 30.24<\/td>\n             <td data-title=\"Bonus\">+ 7 pillole<\/td>\n             <td data-title=\"\">\n                <a href=\"?add-to-cart=2838\" class =\"buy-btn_default buy-btn ajax_add_to_cart add_to_cart_button\" rel=\"nofollow\" data-product_id = \"2838\">Compra<\/a>\n             <\/td>\n            <\/tr><tr>\n             <td data-title=\"Pacco\">100mg x 63 pillole<\/td>\n             <td data-title=\"Prezzo\"> <div itemprop=\"offers\" itemscope=\"itemscope\" itemtype=\"https:\/\/schema.org\/Offer\">\n            <span class=\"crossed_out_price\">\u20ac 221.13 \/<\/span>\n            <meta itemprop=\"url\" content =\"https:\/\/slowdentist.it\/farmacia\/kamagra-effervescent\/\">\n            <link itemprop =\"availability\" href=\"https:\/\/schema.org\/InStock\">\n            <span itemprop=\"priceCurrency\" content=\"EUR\">\u20ac<\/span> <span itemprop=\"price\" content=\"163.8\">163.8<\/span><\/div><\/td>\n             <td data-title=\"Per Pillola\">\u20ac 2.6<\/td>\n             <td class=\"field-economy_default\" data-title=\"Risparmio\">\u20ac 57.33<\/td>\n             <td data-title=\"Bonus\">+ 7 pillole<\/td>\n             <td data-title=\"\">\n                <a href=\"?add-to-cart=2839\" class =\"buy-btn_default buy-btn ajax_add_to_cart add_to_cart_button\" rel=\"nofollow\" data-product_id = \"2839\">Compra<\/a>\n             <\/td>\n            <\/tr><tr>\n             <td data-title=\"Pacco\">100mg x 84 pillole<\/td>\n             <td data-title=\"Prezzo\"> <div itemprop=\"offers\" itemscope=\"itemscope\" itemtype=\"https:\/\/schema.org\/Offer\">\n            <span class=\"crossed_out_price\">\u20ac 294.89 \/<\/span>\n            <meta itemprop=\"url\" content =\"https:\/\/slowdentist.it\/farmacia\/kamagra-effervescent\/\">\n            <link itemprop =\"availability\" href=\"https:\/\/schema.org\/InStock\">\n            <span itemprop=\"priceCurrency\" content=\"EUR\">\u20ac<\/span> <span itemprop=\"price\" content=\"193.25\">193.25<\/span><\/div><\/td>\n             <td data-title=\"Per Pillola\">\u20ac 2.3<\/td>\n             <td class=\"field-economy_default\" data-title=\"Risparmio\">\u20ac 101.64<\/td>\n             <td data-title=\"Bonus\">+ 7 pillole<\/td>\n             <td data-title=\"\">\n                <a href=\"?add-to-cart=2840\" class =\"buy-btn_default buy-btn ajax_add_to_cart add_to_cart_button\" rel=\"nofollow\" data-product_id = \"2840\">Compra<\/a>\n             <\/td>\n            <\/tr><\/tbody> <\/table>\n            <\/div>\n        <\/div>\n    <\/div>\n\n\n<p><div class=\"letter\">\n<div class=\"letter-head\">\n<div class=\"letter-title heading-letter\">Esempio di busta<\/div>\n<div class=\"letter-pack\"><img src=\"\/farmacia\/wp-content\/uploads\/example-package.jpg\" alt=\"\" width=\"505\" height=\"105\"><\/div>\n<\/div>\n<div class=\"letter-desc\">Il tuo ordine sar\u00e0 imballato in modo sicuro e consegnato entro 24 ore. Questo \u00e8 l'aspetto dell'imballaggio (immagini reali dell'articolo inviato). Ha le dimensioni e l'aspetto di una normale lettera (24x11x0,7 cm) e non mancher\u00e0 il contenuto.<\/div>\n<\/div><br>\n<div class=\"delivery\">\n<div class=\"delivery-result\">\n<div class=\"delivery-unit\">\n<div class=\"delivery-unit-inner\">\n<div class=\"delivery-unit-type\">\n<div class=\"delivery-unit-label\">\n              Metodo di consegna<\/div>\n<div class=\"delivery-unit-value\">\n              Express<\/div>\n              <div class=\"delivery-unit-value\">\n              Post EU<\/div>\n<\/div>\n<div class=\"delivery-unit-term\">\n<div class=\"delivery-unit-label\">\n              Tempi di consegna<\/div>\n<div class=\"delivery-unit-value\">\n              4-11 giorni lavorativi<\/div>\n              <div class=\"delivery-unit-value\">\n              8-13 giorni<\/div>\n<\/div>\n<div class=\"delivery-unit-price\">\n<div class=\"delivery-unit-label\">\n              Prezzo<\/div>\n<div class=\"delivery-unit-sum\">\n              \u20ac 14.99<\/div>\n              <div class=\"delivery-unit-sum\">\n              \u20ac 00.00 (ordina da \u20ac 200)<\/div>\n<\/div>\n<\/div>\n<\/div>\n<\/div>\n<\/div>\n<div class=\"advant-list\">\n<div class=\"advant-list-item\">\n          Spedizione internazionale<\/div>\n<div class=\"advant-list-item\">\n          Protezione e sicurezza<\/div>\n<div class=\"advant-list-item\">\n          Imballaggio discreto<\/div>\n<div class=\"advant-list-item\">\n          Garanzia di privacy e anonimato<\/div>\n<div class=\"advant-list-item\">\n          Consegna del suo ordine entro 21 giorni<\/div>\n<div class=\"advant-list-item\">\n          Consegna assicurata al 100%.<\/div>\n<\/div><\/p>\n<div class=\"product-content\">\n\n<\/div>\n\n\n<h2 class=\"wp-block-heading\">Cos&#8217;\u00e8 Kamagra Effervescent<\/h2>\n\n\n\n<p>I farmaci generici del Viagra sono meritatamente popolari, in quanto dimostrano un&#8217;elevata efficienza con il minimo rischio di effetti collaterali. Kamagra Fizzle si distingue per la sua speciale forma di rilascio. Le compresse sono facili da sciogliere in acqua, se questo \u00e8 pi\u00f9 conveniente per voi. Nella nostra farmacia online potete facilmente ordinare i farmaci che vi aiuteranno a tornare rapidamente ad una vita sessuale normale. Comprare Kamagra Effervescent possibile senza prescrizione medica, che solo bisogno di lasciare una richiesta online.<\/p>\n\n\n\n<h2 class=\"wp-block-heading\">Forma insolita &#8211; qualit\u00e0 stabile Kamagra&nbsp;<\/h2>\n\n\n\n<p>Prima di iniziare il corso, il paziente deve sempre consultare il medico curante. L&#8217;impotenza sessuale \u00e8 un problema comune a molti uomini oggi. Stile di vita malsano, stress e cattiva ecologia possono portare al manifestarsi del disturbo. Kamagra Fizzy ha una forma d&#8217;uso conveniente e la stimolazione erotica \u00e8 necessaria per ottenere un&#8217;erezione, quindi non c&#8217;\u00e8 bisogno di preoccuparsi di effetti imprevisti durante il lavoro o in un luogo pubblico. Kamagra Effervescent \u00e8 richiesta per i seguenti motivi:<\/p>\n\n\n\n<ul>\n<li>un alto livello di sicurezza durante l&#8217;ammissione;<\/li>\n\n\n\n<li>effetto mite;<\/li>\n\n\n\n<li>il risultato immediato;<\/li>\n\n\n\n<li>nessun effetto collaterale al corretto dosaggio;<\/li>\n\n\n\n<li>la droga non crea dipendenza;<\/li>\n\n\n\n<li>un bel colpo di spugna;<\/li>\n\n\n\n<li>prezzo accessibile.<\/li>\n<\/ul>\n\n\n\n<p>Kamagra \u00e8 raccomandato per gli uomini che hanno almeno 18 anni. Deve essere presa solo dopo aver consultato un medico, soprattutto se il paziente ha pi\u00f9 di 65 anni.<\/p>\n\n\n\n<h2 class=\"wp-block-heading\">Il principio attivo di Kamagra e il suo funzionamento&nbsp;<\/h2>\n\n\n\n<p>Il principio attivo \u00e8 il Sildenafil, che agisce come bloccante FDE-5. L&#8217;effetto sar\u00e0 il riempimento dei corpi cavernosi con il sangue, che provoca l&#8217;erezione elastica. Il meccanismo dell&#8217;effetto Kamagra sul corpo del paziente \u00e8 completamente naturale.<\/p>\n\n\n\n<h2 class=\"wp-block-heading\">Dove sono le differenze rispetto al Viagra<\/h2>\n\n\n\n<p>Il sildenafil \u00e8 un principio attivo sia del Viagra che del Kamagra. Per questo motivo, i farmaci hanno pi\u00f9 o meno lo stesso effetto sul corpo di un uomo. L&#8217;unica differenza \u00e8 che questo generico ha una forma solubile e ha l&#8217;effetto desiderato pi\u00f9 velocemente. Kamagra attira l&#8217;attenzione degli acquirenti anche per la sua economicit\u00e0.&nbsp;<\/p>\n\n\n\n<h2 class=\"wp-block-heading\">Precetti per l&#8217;ammissione&nbsp;<\/h2>\n\n\n\n<p>Ci vogliono non pi\u00f9 di 20 minuti perch\u00e9 il principio attivo del fizz lavori sul vostro corpo. Il farmaco deve essere sciolto in normale acqua potabile. Il principio attivo mantiene la sua concentrazione ottimale per un massimo di 6 ore consecutive. Il produttore consiglia di assumere 50 mg al giorno. Un dosaggio pi\u00f9 preciso pu\u00f2 essere specificato dal medico curante. Non si dovrebbe usare pi\u00f9 di una dose di Kamagra al giorno.&nbsp;<\/p>\n\n\n\n<h3 class=\"wp-block-heading\">Ulteriori informazioni prima dell&#8217;appuntamento&nbsp;<\/h3>\n\n\n\n<p>Per non nuocere alla propria salute, prima di assumere il farmaco, \u00e8 necessario consultare sempre un medico per un consiglio. Non dovresti usare Kamagra se hai una delle seguenti condizioni:<\/p>\n\n\n\n<ul>\n<li>disturbi cardiovascolari;<\/li>\n\n\n\n<li>malattie renali ed epatiche;<\/li>\n\n\n\n<li>malattia dell&#8217;ulcera;<\/li>\n\n\n\n<li>pressione sanguigna alta o bassa.<\/li>\n<\/ul>\n\n\n\n<p>Un medico non pu\u00f2 prescrivere Kamagra effervescente a uomini ai quali \u00e8 stata diagnosticata una deformit\u00e0 del pene o una predisposizione al priapismo. Il medico proibir\u00e0 anche i rapporti sessuali.<\/p>\n\n\n\n<h2 class=\"wp-block-heading\">Prendere solo la dose prescritta&nbsp;<\/h2>\n\n\n\n<p>Un dosaggio adeguato pu\u00f2 essere stabilito solo da uno specialista. La dose giornaliera ottimale \u00e8 nell&#8217;intervallo di 50-100 mg del farmaco. Il dosaggio pu\u00f2 essere aumentato a 200 mg o ridotto al limite di 25 mg, se cos\u00ec deciso dal medico.<\/p>\n\n\n\n<h3 class=\"wp-block-heading\">Con cosa pu\u00f2 interagire Kamagra&nbsp;<\/h3>\n\n\n\n<p>Per ottenere il risultato desiderato, \u00e8 molto importante seguire le istruzioni del produttore. Gli specialisti sconsigliano di bere alcolici durante l&#8217;assunzione di fizz, poich\u00e9 in questo caso si possono avere gravi reazioni avverse.<\/p>\n\n\n\n<p>Se un paziente \u00e8 in cura e utilizza altri medicinali, il medico curante deve essere informato. Kamagra non \u00e8 prescritto se ci sono adrenobloccanti, stimolatori dell&#8217;azoto, proteasi bloccanti, antibiotici e altri farmaci sul corso. Un elenco completo di essi pu\u00f2 essere ottenuto consultando il vostro medico.<\/p>\n\n\n\n<h3 class=\"wp-block-heading\">Qual \u00e8 la cosa migliore per non mescolare Kamagra?&nbsp;<\/h3>\n\n\n\n<p>Tra le controindicazioni dirette al farmaco sono l&#8217;intolleranza individuale, che pu\u00f2 manifestarsi come reazione allergica. Altre controindicazioni sono:<\/p>\n\n\n\n<ul>\n<li>un recente attacco di cuore;<\/li>\n\n\n\n<li>Co-uso con alcuni farmaci;<\/li>\n\n\n\n<li>patologia renale o epatica.<\/li>\n<\/ul>\n\n\n\n<p>Kamagra non pu\u00f2 essere presa da ragazzi di et\u00e0 inferiore ai 18 anni. Inoltre non \u00e8 prescritto per gli uomini di et\u00e0 superiore ai 65 anni. Se Kamagra non \u00e8 adatto ad un paziente, si pu\u00f2 utilizzare al suo posto il Cialis (con Tadalafil) o il Levitra (con Vardenafil).<\/p>\n\n\n\n<p>Kamagra Fizzy non dovrebbe influire sulla guida. Allo stesso tempo, i suoi effetti collaterali includono vertigini e disturbi visivi temporanei, per cui bisogna fare attenzione quando lo si prende.<\/p>\n\n\n\n<h3 class=\"wp-block-heading\">Effetti collaterali rari, ma non impossibili&nbsp;<\/h3>\n\n\n\n<p>Reazioni avverse negli uomini che usano il fizz sono rare. Il pi\u00f9 delle volte dobbiamo parlare dei seguenti effetti:<\/p>\n\n\n\n<ul>\n<li>il verificarsi di vertigini e mal di testa;<\/li>\n\n\n\n<li>la comparsa di macchie di pigmento sul viso;<\/li>\n\n\n\n<li>difficolt\u00e0 respiratorie o congestione nasale;<\/li>\n\n\n\n<li>la comparsa di un mal di stomaco;<\/li>\n\n\n\n<li>lo sviluppo di iperglicemia.<\/li>\n<\/ul>\n\n\n\n<p>Indipendentemente dall&#8217;effetto avverso che il paziente incontra, deve immediatamente chiedere aiuto al medico curante.&nbsp;<\/p>\n\n\n\n<h3 class=\"wp-block-heading\">Regole di comportamento in caso di overdose&nbsp;<\/h3>\n\n\n\n<p>Il superamento della dose raccomandata del principio attivo Kamagra pu\u00f2 causare reazioni avverse all&#8217;organismo. Saranno gli stessi effetti collaterali abituali, ma la frequenza del loro verificarsi aumenta. Tra le manifestazioni di overdose, si dovrebbe evidenziare il priapismo, le complicazioni respiratorie e la pressione sanguigna instabile. Il trattamento degli effetti collaterali di Kamagra viene effettuato in modo sintomatico.&nbsp;<\/p>\n\n\n\n<h3 class=\"wp-block-heading\">Condizioni di conservazione corrette per i farmaci per l&#8217;impotenza&nbsp;<\/h3>\n\n\n\n<p>Per conservare Kamagra, \u00e8 necessario scegliere un luogo asciutto e fresco, fuori dalla portata dei bambini. Non assumere il farmaco dopo la data di scadenza.<\/p>\n\n\n\n<h3 class=\"wp-block-heading\">Responsabilit\u00e0 del negozio online<\/h3>\n\n\n\n<p>La consultazione professionale con un medico \u00e8 obbligatoria per gli uomini che decidono di prendere Kamagra. Il nostro sito web fornisce informazioni di carattere introduttivo. Per questo motivo, la somministrazione di questo sito non \u00e8 responsabile se i pazienti subiscono effetti collaterali durante l&#8217;automedicazione.<\/p>\n\n\n\n<div>\n<ul class=\"top-sale-nav\">\n<li class=\"top-sale-nav-item\">Prodotti popolari<\/li>\n<\/ul>\n<div class=\"top-sale-content\">\n<div class=\"top-sale-product-list\">\n<div class=\"row justify-content-center\">\n<div class=\"col-6 col-md-4 product-parent\">\n<div class=\"product-list-item\">\n<div class=\"product-item\">\n<div class=\"product-item-img\">\n             <a href=\"\/farmacia\/cialis-generico\/\"> <img decoding=\"async\" loading=\"lazy\" src=\"\/farmacia\/wp-content\/uploads\/wm\/cialis-generic.webp\" alt=\"Cialis Generico\" width=\"240\" height=\"180\"> <\/a><\/div>\n<div class=\"product-item-title\">\n<h2><a href=\"\/farmacia\/cialis-generico\/\" class=\"product-item-title-link\">Cialis Generico<\/a><\/h2>\n<\/div>\n<div class=\"product-item-pack\">\n            10mg | 20mg | 40mg | 60mg | 80mg<\/div>\n<div class=\"product-item-group\">\n<div class=\"product-item-price\">\n              <span class=\"product-item-cost\">\u20ac 2.85<\/span> a pillola<\/div>\n<div class=\"product-item-buy\">\n              <a href=\"\/farmacia\/cialis-generico\/\" class=\"product-item-btn\">Compra<\/a><\/div>\n<\/div>\n<\/div>\n<\/div>\n<\/div>\n<div class=\"col-6 col-md-4 product-parent\">\n<div class=\"product-list-item\">\n<div class=\"product-item\">\n<div class=\"product-item-img\">\n             <a href=\"\/farmacia\/viagra-generico\/\"> <img decoding=\"async\" loading=\"lazy\" src=\"\/farmacia\/wp-content\/uploads\/wm\/viagra-generic.webp\" alt=\"Viagra Generico\" width=\"240\" height=\"180\"> <\/a><\/div>\n<div class=\"product-item-title\">\n<h2><a href=\"\/farmacia\/viagra-generico\/\" class=\"product-item-title-link\">Viagra Generico<\/a><\/h2>\n<\/div>\n<div class=\"product-item-pack\">\n            25mg | 50mg | 100mg | 120mg | 130mg | 150mg | 200mg<\/div>\n<div class=\"product-item-group\">\n<div class=\"product-item-price\">\n              <span class=\"product-item-cost\">\u20ac 1.64<\/span> a pillola<\/div>\n<div class=\"product-item-buy\">\n              <a href=\"\/farmacia\/viagra-generico\/\" class=\"product-item-btn\">Compra<\/a><\/div>\n<\/div>\n<\/div>\n<\/div>\n<\/div>\n<div class=\"col-6 col-md-4 product-parent\">\n<div class=\"product-list-item\">\n<div class=\"product-item\">\n<div class=\"product-item-img\">\n             <a href=\"\/farmacia\/levitra-generico\/\"> <img decoding=\"async\" loading=\"lazy\" src=\"\/farmacia\/wp-content\/uploads\/wm\/levitra-generic.webp\" alt=\"Levitra Generico\" width=\"240\" height=\"180\"> <\/a><\/div>\n<div class=\"product-item-title\">\n<h2><a href=\"\/farmacia\/levitra-generico\/\" class=\"product-item-title-link\">Levitra Generico<\/a><\/h2>\n<\/div>\n<div class=\"product-item-pack\">\n            10mg | 20mg | 40mg | 60mg<\/div>\n<div class=\"product-item-group\">\n<div class=\"product-item-price\">\n              <span class=\"product-item-cost\">\u20ac 2.59<\/span> a pillola<\/div>\n<div class=\"product-item-buy\">\n              <a href=\"\/farmacia\/levitra-generico\/\" class=\"product-item-btn\">Compra<\/a><\/div>\n<\/div>\n<\/div>\n<\/div>\n<\/div>\n<\/div>\n<\/div>\n<\/div>\n<\/div>","protected":false},"excerpt":{"rendered":"<p>Kamagra Effervescent senza ricetta in Italia Kamagra ha diverse forme e ogni forma ha un proprio meccanismo d&#8217;azione sul corpo.<\/p>\n","protected":false},"author":3,"featured_media":0,"parent":0,"menu_order":0,"comment_status":"closed","ping_status":"closed","template":"","meta":[],"_links":{"self":[{"href":"https:\/\/slowdentist.it\/farmacia\/wp-json\/wp\/v2\/pages\/745"}],"collection":[{"href":"https:\/\/slowdentist.it\/farmacia\/wp-json\/wp\/v2\/pages"}],"about":[{"href":"https:\/\/slowdentist.it\/farmacia\/wp-json\/wp\/v2\/types\/page"}],"author":[{"embeddable":true,"href":"https:\/\/slowdentist.it\/farmacia\/wp-json\/wp\/v2\/users\/3"}],"replies":[{"embeddable":true,"href":"https:\/\/slowdentist.it\/farmacia\/wp-json\/wp\/v2\/comments?post=745"}],"version-history":[{"count":13,"href":"https:\/\/slowdentist.it\/farmacia\/wp-json\/wp\/v2\/pages\/745\/revisions"}],"predecessor-version":[{"id":6350,"href":"https:\/\/slowdentist.it\/farmacia\/wp-json\/wp\/v2\/pages\/745\/revisions\/6350"}],"wp:attachment":[{"href":"https:\/\/slowdentist.it\/farmacia\/wp-json\/wp\/v2\/media?parent=745"}],"curies":[{"name":"wp","href":"https:\/\/api.w.org\/{rel}","templated":true}]}}