{"id":750,"date":"2021-12-06T09:46:09","date_gmt":"2021-12-06T08:46:09","guid":{"rendered":"https:\/\/slowdentist.it\/farmacia\/?page_id=750"},"modified":"2024-10-23T08:33:21","modified_gmt":"2024-10-23T07:33:21","slug":"priligy-dapoxetina-generico","status":"publish","type":"page","link":"https:\/\/slowdentist.it\/farmacia\/priligy-dapoxetina-generico\/","title":{"rendered":"Priligy Dapoxetina Generico"},"content":{"rendered":"<div class=\"product-info\">\n<div class=\"row\">\n<div class=\"col-sm-4\"><img decoding=\"async\" src=\"\/farmacia\/wp-content\/uploads\/wm\/priligy-generic.webp\" alt=\"Priligy Generico foto\"><\/div>\n<div class=\"col-sm-8\">\n<h1 class=\"product-h1\">Priligy Dapoxetina Generico senza ricetta in Italia<\/h1>\n<div class=\"product-description\">\n<p>I prolungatori sono una linea di generici, la cui azione \u00e8 volta ad eliminare uno dei problemi pi\u00f9 comuni che si verificano negli uomini &#8211; l&#8217;eiaculazione precoce. Il prodotto permette di prolungare significativamente il rapporto sessuale, per ritardare il momento dell&#8217;orgasmo. Da questo punto di vista, i Priligi sono seriamente diversi dal Viagra.<\/p>\n<p>Nel nostro negozio online, \u00e8 sempre possibile acquistare dei generici per prolungare il rapporto sessuale. Forniamo preparati senza prescrizione medica, il che rende il loro acquisto ancora pi\u00f9 redditizio. Per ordinare \u00e8 sufficiente compilare un modulo di richiesta online e confermare l&#8217;acquisto quando si comunica con il gestore.<\/p>\n<\/div>\n<div>\n<div class=\"row\">\n<div class=\"col-sm-6\">\n<div class=\"col-margin\">\n<ul class=\"ul-feature-list\">\n \t<li class=\"feature-list\">Insorgenza rapida dell'azione<\/li>\n \t<li class=\"feature-list\">Effetto di lunga durata<\/li>\n<\/ul>\n<\/div>\n<br>\n<div class=\"col-margin\"><img src=\"\/farmacia\/wp-content\/uploads\/img-footer-logo-04.png\" alt=\"\"><\/div>\n<\/div>\n<div class=\"col-sm-6\">\n<div class=\"col-margin\">\n<ul class=\"ul-feature-list\">\n \t<li class=\"feature-list\">Transazione Sicura<\/li>\n \t<li class=\"feature-list\">Visita i link dei certificati nella pagina di Checkout<\/li>\n<\/ul>\n<\/div>\n<div class=\"col-margin\"><img class=\"img-payment\" src=\"\/farmacia\/wp-content\/uploads\/payment-methods.png\" alt=\"Payment Methods\"><\/div>\n<\/div>\n<\/div>\n<\/div>\n<\/div>\n<\/div>\n<\/div>\n\n\n<div class=\"tab\" data-sort = \"asc\"><button class=\"tablinks tablinks_default active\" data-target = \"tab-60\">60mg<\/button><\/div><div id =\"tab-60\" class = \"tabcontent active\" >\n            <div class=\"table-container\">\n                <div id=\"shop-prod-table\">\n                <table class=\"table\">\n                <caption><h2> Priligy Generico  60mg<\/h2><\/caption>\n                <thead>\n                       <tr class=\"table-header_default\">\n                                <th scope =\"col\">Pacco<\/th>\n                                <th scope =\"col\">Prezzo<\/th>\n                                <th scope =\"col\">Per Pillola<\/th>\n                                <th scope =\"col\">Risparmio<\/th>\n                                <th scope =\"col\">Bonus<\/th>\n                                <th scope =\"col\"><\/th>\n                        <\/tr>\n                <\/thead><tbody><tr>\n             <td data-title=\"Pacco\">60mg x 10 pillole<\/td>\n             <td data-title=\"Prezzo\"> <div itemprop=\"offers\" itemscope=\"itemscope\" itemtype=\"https:\/\/schema.org\/Offer\">\n            \n            <meta itemprop=\"url\" content =\"https:\/\/slowdentist.it\/farmacia\/priligy-dapoxetina-generico\/\">\n            <link itemprop =\"availability\" href=\"https:\/\/schema.org\/InStock\">\n            <span itemprop=\"priceCurrency\" content=\"EUR\">\u20ac<\/span> <span itemprop=\"price\" content=\"45.36\">45.36<\/span><\/div><\/td>\n             <td data-title=\"Per Pillola\">\u20ac 4.54<\/td>\n             <td class=\"field-economy_default\" data-title=\"Risparmio\">\u20ac 0<\/td>\n             <td data-title=\"Bonus\">-<\/td>\n             <td data-title=\"\">\n                <a href=\"?add-to-cart=2918\" class =\"buy-btn_default buy-btn ajax_add_to_cart add_to_cart_button\" rel=\"nofollow\" data-product_id = \"2918\">Compra<\/a>\n             <\/td>\n            <\/tr><tr>\n             <td data-title=\"Pacco\">60mg x 20 pillole<\/td>\n             <td data-title=\"Prezzo\"> <div itemprop=\"offers\" itemscope=\"itemscope\" itemtype=\"https:\/\/schema.org\/Offer\">\n            <span class=\"crossed_out_price\">\u20ac 90.83 \/<\/span>\n            <meta itemprop=\"url\" content =\"https:\/\/slowdentist.it\/farmacia\/priligy-dapoxetina-generico\/\">\n            <link itemprop =\"availability\" href=\"https:\/\/schema.org\/InStock\">\n            <span itemprop=\"priceCurrency\" content=\"EUR\">\u20ac<\/span> <span itemprop=\"price\" content=\"73.63\">73.63<\/span><\/div><\/td>\n             <td data-title=\"Per Pillola\">\u20ac 3.68<\/td>\n             <td class=\"field-economy_default\" data-title=\"Risparmio\">\u20ac 17.2<\/td>\n             <td data-title=\"Bonus\">+ 4 pillole<\/td>\n             <td data-title=\"\">\n                <a href=\"?add-to-cart=2921\" class =\"buy-btn_default buy-btn ajax_add_to_cart add_to_cart_button\" rel=\"nofollow\" data-product_id = \"2921\">Compra<\/a>\n             <\/td>\n            <\/tr><tr>\n             <td data-title=\"Pacco\">60mg x 30 pillole<\/td>\n             <td data-title=\"Prezzo\"> <div itemprop=\"offers\" itemscope=\"itemscope\" itemtype=\"https:\/\/schema.org\/Offer\">\n            <span class=\"crossed_out_price\">\u20ac 136.07 \/<\/span>\n            <meta itemprop=\"url\" content =\"https:\/\/slowdentist.it\/farmacia\/priligy-dapoxetina-generico\/\">\n            <link itemprop =\"availability\" href=\"https:\/\/schema.org\/InStock\">\n            <span itemprop=\"priceCurrency\" content=\"EUR\">\u20ac<\/span> <span itemprop=\"price\" content=\"101.57\">101.57<\/span><\/div><\/td>\n             <td data-title=\"Per Pillola\">\u20ac 3.39<\/td>\n             <td class=\"field-economy_default\" data-title=\"Risparmio\">\u20ac 34.5<\/td>\n             <td data-title=\"Bonus\">+ 6 pillole<\/td>\n             <td data-title=\"\">\n                <a href=\"?add-to-cart=2922\" class =\"buy-btn_default buy-btn ajax_add_to_cart add_to_cart_button\" rel=\"nofollow\" data-product_id = \"2922\">Compra<\/a>\n             <\/td>\n            <\/tr><tr>\n             <td data-title=\"Pacco\">60mg x 60 pillole<\/td>\n             <td data-title=\"Prezzo\"> <div itemprop=\"offers\" itemscope=\"itemscope\" itemtype=\"https:\/\/schema.org\/Offer\">\n            <span class=\"crossed_out_price\">\u20ac 272.14 \/<\/span>\n            <meta itemprop=\"url\" content =\"https:\/\/slowdentist.it\/farmacia\/priligy-dapoxetina-generico\/\">\n            <link itemprop =\"availability\" href=\"https:\/\/schema.org\/InStock\">\n            <span itemprop=\"priceCurrency\" content=\"EUR\">\u20ac<\/span> <span itemprop=\"price\" content=\"174.34\">174.34<\/span><\/div><\/td>\n             <td data-title=\"Per Pillola\">\u20ac 2.91<\/td>\n             <td class=\"field-economy_default\" data-title=\"Risparmio\">\u20ac 97.8<\/td>\n             <td data-title=\"Bonus\">+ 8 pillole<\/td>\n             <td data-title=\"\">\n                <a href=\"?add-to-cart=2923\" class =\"buy-btn_default buy-btn ajax_add_to_cart add_to_cart_button\" rel=\"nofollow\" data-product_id = \"2923\">Compra<\/a>\n             <\/td>\n            <\/tr><tr>\n             <td data-title=\"Pacco\">60mg x 90 pillole<\/td>\n             <td data-title=\"Prezzo\"> <div itemprop=\"offers\" itemscope=\"itemscope\" itemtype=\"https:\/\/schema.org\/Offer\">\n            <span class=\"crossed_out_price\">\u20ac 408.69 \/<\/span>\n            <meta itemprop=\"url\" content =\"https:\/\/slowdentist.it\/farmacia\/priligy-dapoxetina-generico\/\">\n            <link itemprop =\"availability\" href=\"https:\/\/schema.org\/InStock\">\n            <span itemprop=\"priceCurrency\" content=\"EUR\">\u20ac<\/span> <span itemprop=\"price\" content=\"252.99\">252.99<\/span><\/div><\/td>\n             <td data-title=\"Per Pillola\">\u20ac 2.81<\/td>\n             <td class=\"field-economy_default\" data-title=\"Risparmio\">\u20ac 155.7<\/td>\n             <td data-title=\"Bonus\">+ 10 pillole<\/td>\n             <td data-title=\"\">\n                <a href=\"?add-to-cart=2924\" class =\"buy-btn_default buy-btn ajax_add_to_cart add_to_cart_button\" rel=\"nofollow\" data-product_id = \"2924\">Compra<\/a>\n             <\/td>\n            <\/tr><tr>\n             <td data-title=\"Pacco\">60mg x 120 pillole<\/td>\n             <td data-title=\"Prezzo\"> <div itemprop=\"offers\" itemscope=\"itemscope\" itemtype=\"https:\/\/schema.org\/Offer\">\n            <span class=\"crossed_out_price\">\u20ac 544.61 \/<\/span>\n            <meta itemprop=\"url\" content =\"https:\/\/slowdentist.it\/farmacia\/priligy-dapoxetina-generico\/\">\n            <link itemprop =\"availability\" href=\"https:\/\/schema.org\/InStock\">\n            <span itemprop=\"priceCurrency\" content=\"EUR\">\u20ac<\/span> <span itemprop=\"price\" content=\"325.01\">325.01<\/span><\/div><\/td>\n             <td data-title=\"Per Pillola\">\u20ac 2.71<\/td>\n             <td class=\"field-economy_default\" data-title=\"Risparmio\">\u20ac 219.6<\/td>\n             <td data-title=\"Bonus\">+ 10 pillole<\/td>\n             <td data-title=\"\">\n                <a href=\"?add-to-cart=2919\" class =\"buy-btn_default buy-btn ajax_add_to_cart add_to_cart_button\" rel=\"nofollow\" data-product_id = \"2919\">Compra<\/a>\n             <\/td>\n            <\/tr><tr>\n             <td data-title=\"Pacco\">60mg x 180 pillole<\/td>\n             <td data-title=\"Prezzo\"> <div itemprop=\"offers\" itemscope=\"itemscope\" itemtype=\"https:\/\/schema.org\/Offer\">\n            <span class=\"crossed_out_price\">\u20ac 816.8 \/<\/span>\n            <meta itemprop=\"url\" content =\"https:\/\/slowdentist.it\/farmacia\/priligy-dapoxetina-generico\/\">\n            <link itemprop =\"availability\" href=\"https:\/\/schema.org\/InStock\">\n            <span itemprop=\"priceCurrency\" content=\"EUR\">\u20ac<\/span> <span itemprop=\"price\" content=\"471.2\">471.2<\/span><\/div><\/td>\n             <td data-title=\"Per Pillola\">\u20ac 2.62<\/td>\n             <td class=\"field-economy_default\" data-title=\"Risparmio\">\u20ac 345.6<\/td>\n             <td data-title=\"Bonus\">+ 10 pillole<\/td>\n             <td data-title=\"\">\n                <a href=\"?add-to-cart=2920\" class =\"buy-btn_default buy-btn ajax_add_to_cart add_to_cart_button\" rel=\"nofollow\" data-product_id = \"2920\">Compra<\/a>\n             <\/td>\n            <\/tr><\/tbody> <\/table>\n            <\/div>\n        <\/div>\n    <\/div>\n\n\n<p><div class=\"letter\">\n<div class=\"letter-head\">\n<div class=\"letter-title heading-letter\">Esempio di busta<\/div>\n<div class=\"letter-pack\"><img src=\"\/farmacia\/wp-content\/uploads\/example-package.jpg\" alt=\"\" width=\"505\" height=\"105\"><\/div>\n<\/div>\n<div class=\"letter-desc\">Il tuo ordine sar\u00e0 imballato in modo sicuro e consegnato entro 24 ore. Questo \u00e8 l'aspetto dell'imballaggio (immagini reali dell'articolo inviato). Ha le dimensioni e l'aspetto di una normale lettera (24x11x0,7 cm) e non mancher\u00e0 il contenuto.<\/div>\n<\/div><br>\n<div class=\"delivery\">\n<div class=\"delivery-result\">\n<div class=\"delivery-unit\">\n<div class=\"delivery-unit-inner\">\n<div class=\"delivery-unit-type\">\n<div class=\"delivery-unit-label\">\n              Metodo di consegna<\/div>\n<div class=\"delivery-unit-value\">\n              Express<\/div>\n              <div class=\"delivery-unit-value\">\n              Post EU<\/div>\n<\/div>\n<div class=\"delivery-unit-term\">\n<div class=\"delivery-unit-label\">\n              Tempi di consegna<\/div>\n<div class=\"delivery-unit-value\">\n              4-11 giorni lavorativi<\/div>\n              <div class=\"delivery-unit-value\">\n              8-13 giorni<\/div>\n<\/div>\n<div class=\"delivery-unit-price\">\n<div class=\"delivery-unit-label\">\n              Prezzo<\/div>\n<div class=\"delivery-unit-sum\">\n              \u20ac 14.99<\/div>\n              <div class=\"delivery-unit-sum\">\n              \u20ac 00.00 (ordina da \u20ac 200)<\/div>\n<\/div>\n<\/div>\n<\/div>\n<\/div>\n<\/div>\n<div class=\"advant-list\">\n<div class=\"advant-list-item\">\n          Spedizione internazionale<\/div>\n<div class=\"advant-list-item\">\n          Protezione e sicurezza<\/div>\n<div class=\"advant-list-item\">\n          Imballaggio discreto<\/div>\n<div class=\"advant-list-item\">\n          Garanzia di privacy e anonimato<\/div>\n<div class=\"advant-list-item\">\n          Consegna del suo ordine entro 21 giorni<\/div>\n<div class=\"advant-list-item\">\n          Consegna assicurata al 100%.<\/div>\n<\/div><\/p>\n<div class=\"product-content\">\n<p><\/p>\n<\/div>\n\n\n<h2 class=\"wp-block-heading\">Priligi &#8211; farmaci per la fiducia<\/h2>\n\n\n\n<p>Il corpo di un uomo \u00e8 costantemente esposto a fattori esterni che possono portare a una diminuzione dell&#8217;attivit\u00e0 sessuale o della qualit\u00e0 del sesso. Questa situazione si verifica di solito con uno stress elevato e costante, situazioni stressanti o uno stile di vita malsano. Se la durata del rapporto sessuale si riduce, allora un uomo dovrebbe pensare di acquistare un prolungatore. Questo farmaco permette di prolungare il rapporto sessuale, che vi permetter\u00e0 di godere del sesso e di soddisfare il vostro partner. Nella nostra farmacia online troverete solo Prolungatori di qualit\u00e0.&nbsp;<\/p>\n\n\n\n<h2 class=\"wp-block-heading\">Quando vengono prescritti i prolungatori?&nbsp;<\/h2>\n\n\n\n<p>I prolungatori non devono essere assunti senza prescrizione medica. Prolongator pu\u00f2 essere utilizzato da uomini adulti di qualsiasi et\u00e0. La prescrizione per un generico \u00e8:<\/p>\n\n\n\n<ul>\n<li>interruzione incontrollata dei rapporti sessuali;<\/li>\n\n\n\n<li>l&#8217;inizio dell&#8217;orgasmo prima del previsto;<\/li>\n\n\n\n<li>l&#8217;emergere dell&#8217;insicurezza, che porta all&#8217;eiaculazione precoce.<\/li>\n<\/ul>\n\n\n\n<p>I farmaci generici, tra cui la Dapoxetina, sono eccellenti contro tali effetti. Mentre li prende, un uomo non affronta alcuna dipendenza. Il meccanismo dell&#8217;effetto Prolongator sul corpo \u00e8 ben studiato, che permette di ottenere l&#8217;effetto desiderato se assunto correttamente.&nbsp;<\/p>\n\n\n\n<h2 class=\"wp-block-heading\">Come funziona?&nbsp;<\/h2>\n\n\n\n<p>I prolungatori sono stati creati grazie alla scoperta della dapoxetina. Questa sostanza ha un effetto potente, permettendo di inibire l&#8217;ormone della serotonina nel corpo di un uomo. La durata del rapporto sessuale dipende dall&#8217;eccitazione del sistema nervoso. Grazie al componente attivo \u00e8 possibile ritardare l&#8217;eiaculazione riducendo la concentrazione di serotonina. Poich\u00e9 l&#8217;ormone della felicit\u00e0 rimarr\u00e0 in quantit\u00e0 moderata tra i neuroni del sistema nervoso, il prolungamento del sesso viene naturale.<\/p>\n\n\n\n<h2 class=\"wp-block-heading\">Regole di ammissione&nbsp;<\/h2>\n\n\n\n<p>Il generico deve essere assunto da 1 a 3 ore prima del rapporto sessuale. La compressa deve essere presa con acqua a sufficienza. Per ottenere un effetto pi\u00f9 rapido, si dovrebbe astenersi dal mangiare cibi grassi prima di assumere Prolongator. La durata dell&#8217;azione della Dapoxetina nell&#8217;organismo \u00e8 fino a 6 ore.<\/p>\n\n\n\n<h3 class=\"wp-block-heading\">Cos&#8217;altro devi sapere prima di prenderlo<\/h3>\n\n\n\n<p>Per prendere i Prolungatori senza effetti collaterali, \u00e8 imperativo che cerchiate un consiglio dettagliato dal vostro medico sull&#8217;assunzione del generico. La dapoxetina non \u00e8 compatibile con una serie di condizioni mediche:<\/p>\n\n\n\n<ul>\n<li>per insufficienza cardiovascolare;<\/li>\n\n\n\n<li>per la malattia coronarica;<\/li>\n\n\n\n<li>quando ci sono difetti alle valvole cardiache;<\/li>\n\n\n\n<li>in caso di diagnosi di insufficienza epatica o renale.<\/li>\n<\/ul>\n\n\n\n<h2 class=\"wp-block-heading\">Quali sono i dosaggi disponibili&nbsp;<\/h2>\n\n\n\n<p>Prolongator pu\u00f2 essere selezionato in base alle proprie esigenze, in quanto \u00e8 disponibile in 30, 60, 90 mg di Dapoxetina in ogni compressa. Il produttore raccomanda l&#8217;uso di 60 mg di farmaco al giorno. Il dosaggio iniziale pu\u00f2 essere di soli 30 mg se il paziente \u00e8 affetto da un lieve disturbo. La dapoxetina non crea dipendenza, ma \u00e8 necessario consultare il proprio medico per determinare il dosaggio ottimale.<\/p>\n\n\n\n<h3 class=\"wp-block-heading\">Cosa \u00e8 meglio non mescolare (alcol e farmaci)&nbsp;<\/h3>\n\n\n\n<p>L&#8217;alcol dovrebbe essere temporaneamente eliminato dalla propria dieta, in quanto non \u00e8 combinato con prolungatori generici a base di dapoxetina. Altrimenti, un uomo pu\u00f2 sperimentare un peggioramento del suo benessere, sonnolenza e altri effetti collaterali del generico. Il medico deve anche sapere quali altri farmaci il paziente sta usando. Il motivo \u00e8 che i prolongatori non vengono presi con:<\/p>\n\n\n\n<ul>\n<li>Bloccanti CYP3A4;<\/li>\n\n\n\n<li>bloccanti dell&#8217;assorbimento della serotonina;<\/li>\n\n\n\n<li>bloccanti monoammino ossidasi;<\/li>\n\n\n\n<li>con tioridazina;<\/li>\n\n\n\n<li>antidepressivi.<\/li>\n<\/ul>\n\n\n\n<p>Un elenco completo dei farmaci con i quali il Prolongator a base di dapoxetina non \u00e8 combinato \u00e8 disponibile presso il vostro medico.<\/p>\n\n\n\n<h3 class=\"wp-block-heading\">Quando \u00e8 meglio smettere di prendere un farmaco&nbsp;<\/h3>\n\n\n\n<p>Come per qualsiasi altro medicinale, i prolungatori a base di dapoxetina hanno alcune controindicazioni d&#8217;uso. Una controindicazione assoluta \u00e8 una reazione allergica ai componenti che compongono il farmaco. Non dovresti prenderlo per i ragazzi che hanno meno di 18 anni. Prolongator non \u00e8 adatto all&#8217;uso da parte del gentil sesso. Durante il corso, i pazienti possono avvertire svenimenti, vertigini, disturbi della concentrazione o reazioni inibite. Tutto questo pu\u00f2 influire sulla guida, quindi si dovrebbe usare il Prolongator (Dapoxetina) in modo responsabile e solo dopo aver consultato il medico.<\/p>\n\n\n\n<h3 class=\"wp-block-heading\">Effetti collaterali di Dapoxetina<\/h3>\n\n\n\n<p>Ogni uomo responsabile dovrebbe essere preoccupato degli effetti collaterali che possono verificarsi durante l&#8217;assunzione del farmaco. Nel caso di prolungatori a base di dapoxetina, ci si pu\u00f2 aspettare tali reazioni:<\/p>\n\n\n\n<ul>\n<li>sonnolenza;<\/li>\n\n\n\n<li>tachicardia;<\/li>\n\n\n\n<li>un calo di forza;<\/li>\n\n\n\n<li>per abbassare la pressione sanguigna;<\/li>\n\n\n\n<li>nausea e diarrea;<\/li>\n\n\n\n<li>la comparsa di macchie di pigmento sul viso;<\/li>\n\n\n\n<li>dolore muscolare.<\/li>\n<\/ul>\n\n\n\n<p>Se un paziente presenta le sindromi elencate dopo l&#8217;assunzione di Dapoxetina, deve contattare il medico curante per un consulto dettagliato. Solo i farmaci genuini e i loro generici sono presentati nel nostro catalogo, e il prezzo dei Prolongator rimane accessibile.<\/p>\n\n\n\n<h3 class=\"wp-block-heading\">Overdose e cosa fare in questo caso?<\/h3>\n\n\n\n<p>Un&#8217;overdose di Dapoxetina ha gli stessi effetti collaterali di quando \u00e8 stata assunta correttamente. L&#8217;unica differenza \u00e8 nella gravit\u00e0 e nella frequenza del loro verificarsi. Il sovradosaggio pu\u00f2 anche essere accompagnato da sintomi tipici dell&#8217;avvelenamento da farmaci. Il trattamento deve essere supervisionato da un medico, che prescriver\u00e0 una terapia sintomatica.<\/p>\n\n\n\n<h3 class=\"wp-block-heading\">Dove conservare la Dapoxetina&nbsp;<\/h3>\n\n\n\n<p>I farmaci a base di dapoxetina devono essere conservati in luoghi asciutti che saranno inaccessibili agli animali domestici o ai bambini. Il farmaco mantiene la sua efficacia solo a temperatura ambiente. Una volta scaduta la data di scadenza, il generico non deve essere assunto.<\/p>\n\n\n\n<h3 class=\"wp-block-heading\">Responsabilit\u00e0&nbsp;<\/h3>\n\n\n\n<p>Questa categoria di farmaci (a base di Dapoxetina) deve essere utilizzata solo se raccomandata dal medico. Le informazioni che trovate su questo sito web sono di natura consultiva. La nostra amministrazione non \u00e8 responsabile di eventuali effetti collaterali causati dall&#8217;automedicazione.<\/p>\n\n\n<div>\n<ul class=\"top-sale-nav\">\n<li class=\"top-sale-nav-item\">Prodotti popolari<\/li>\n<\/ul>\n<div class=\"top-sale-content\">\n<div class=\"top-sale-product-list\">\n<div class=\"row justify-content-center\">\n<div class=\"col-6 col-md-4 product-parent\">\n<div class=\"product-list-item\">\n<div class=\"product-item\">\n<div class=\"product-item-img\">\n             <a href=\"\/farmacia\/cialis-generico\/\"> <img decoding=\"async\" loading=\"lazy\" src=\"\/farmacia\/wp-content\/uploads\/wm\/cialis-generic.webp\" alt=\"Cialis Generico\" width=\"240\" height=\"180\"> <\/a><\/div>\n<div class=\"product-item-title\">\n<h2><a href=\"\/farmacia\/cialis-generico\/\" class=\"product-item-title-link\">Cialis Generico<\/a><\/h2>\n<\/div>\n<div class=\"product-item-pack\">\n            10mg | 20mg | 40mg | 60mg | 80mg<\/div>\n<div class=\"product-item-group\">\n<div class=\"product-item-price\">\n              <span class=\"product-item-cost\">\u20ac 2.85<\/span> a pillola<\/div>\n<div class=\"product-item-buy\">\n              <a href=\"\/farmacia\/cialis-generico\/\" class=\"product-item-btn\">Compra<\/a><\/div>\n<\/div>\n<\/div>\n<\/div>\n<\/div>\n<div class=\"col-6 col-md-4 product-parent\">\n<div class=\"product-list-item\">\n<div class=\"product-item\">\n<div class=\"product-item-img\">\n             <a href=\"\/farmacia\/viagra-generico\/\"> <img decoding=\"async\" loading=\"lazy\" src=\"\/farmacia\/wp-content\/uploads\/wm\/viagra-generic.webp\" alt=\"Viagra Generico\" width=\"240\" height=\"180\"> <\/a><\/div>\n<div class=\"product-item-title\">\n<h2><a href=\"\/farmacia\/viagra-generico\/\" class=\"product-item-title-link\">Viagra Generico<\/a><\/h2>\n<\/div>\n<div class=\"product-item-pack\">\n            25mg | 50mg | 100mg | 120mg | 130mg | 150mg | 200mg<\/div>\n<div class=\"product-item-group\">\n<div class=\"product-item-price\">\n              <span class=\"product-item-cost\">\u20ac 1.64<\/span> a pillola<\/div>\n<div class=\"product-item-buy\">\n              <a href=\"\/farmacia\/viagra-generico\/\" class=\"product-item-btn\">Compra<\/a><\/div>\n<\/div>\n<\/div>\n<\/div>\n<\/div>\n<div class=\"col-6 col-md-4 product-parent\">\n<div class=\"product-list-item\">\n<div class=\"product-item\">\n<div class=\"product-item-img\">\n             <a href=\"\/farmacia\/levitra-generico\/\"> <img decoding=\"async\" loading=\"lazy\" src=\"\/farmacia\/wp-content\/uploads\/wm\/levitra-generic.webp\" alt=\"Levitra Generico\" width=\"240\" height=\"180\"> <\/a><\/div>\n<div class=\"product-item-title\">\n<h2><a href=\"\/farmacia\/levitra-generico\/\" class=\"product-item-title-link\">Levitra Generico<\/a><\/h2>\n<\/div>\n<div class=\"product-item-pack\">\n            10mg | 20mg | 40mg | 60mg<\/div>\n<div class=\"product-item-group\">\n<div class=\"product-item-price\">\n              <span class=\"product-item-cost\">\u20ac 2.59<\/span> a pillola<\/div>\n<div class=\"product-item-buy\">\n              <a href=\"\/farmacia\/levitra-generico\/\" class=\"product-item-btn\">Compra<\/a><\/div>\n<\/div>\n<\/div>\n<\/div>\n<\/div>\n<\/div>\n<\/div>\n<\/div>\n<\/div>","protected":false},"excerpt":{"rendered":"<p>Priligy Dapoxetina Generico senza ricetta in Italia I prolungatori sono una linea di generici, la cui azione \u00e8 volta ad<\/p>\n","protected":false},"author":3,"featured_media":0,"parent":0,"menu_order":0,"comment_status":"closed","ping_status":"closed","template":"","meta":[],"_links":{"self":[{"href":"https:\/\/slowdentist.it\/farmacia\/wp-json\/wp\/v2\/pages\/750"}],"collection":[{"href":"https:\/\/slowdentist.it\/farmacia\/wp-json\/wp\/v2\/pages"}],"about":[{"href":"https:\/\/slowdentist.it\/farmacia\/wp-json\/wp\/v2\/types\/page"}],"author":[{"embeddable":true,"href":"https:\/\/slowdentist.it\/farmacia\/wp-json\/wp\/v2\/users\/3"}],"replies":[{"embeddable":true,"href":"https:\/\/slowdentist.it\/farmacia\/wp-json\/wp\/v2\/comments?post=750"}],"version-history":[{"count":19,"href":"https:\/\/slowdentist.it\/farmacia\/wp-json\/wp\/v2\/pages\/750\/revisions"}],"predecessor-version":[{"id":6373,"href":"https:\/\/slowdentist.it\/farmacia\/wp-json\/wp\/v2\/pages\/750\/revisions\/6373"}],"wp:attachment":[{"href":"https:\/\/slowdentist.it\/farmacia\/wp-json\/wp\/v2\/media?parent=750"}],"curies":[{"name":"wp","href":"https:\/\/api.w.org\/{rel}","templated":true}]}}